{"id":427,"date":"2015-08-12T16:04:31","date_gmt":"2015-08-12T16:04:31","guid":{"rendered":"http:\/\/savoy.nordicmade.com\/?page_id=427"},"modified":"2026-03-20T11:48:54","modified_gmt":"2026-03-20T17:48:54","slug":"contacto-nefrofarma-kh","status":"publish","type":"page","link":"https:\/\/nefrofarma.mx\/files\/elements\/contacto-nefrofarma-kh\/","title":{"rendered":"Contacto NefroFarma KH"},"content":{"rendered":"<p>[vc_row css=\u00bb.vc_custom_1440775063128{padding-bottom: 37px !important;}\u00bb][vc_column width=\u00bb1\/2&#8243;][vc_empty_space height=\u00bb38px\u00bb][vc_separator border_width=\u00bb2&#8243; accent_color=\u00bb#e0e0e0&#8243;][\/vc_column][vc_column width=\u00bb1\/2&#8243; offset=\u00bbvc_hidden-xs\u00bb][vc_empty_space height=\u00bb38px\u00bb][vc_separator border_width=\u00bb2&#8243; accent_color=\u00bb#e0e0e0&#8243;][\/vc_column][\/vc_row][vc_row css=\u00bb.vc_custom_1436705138258{padding-bottom: 46px !important;}\u00bb][vc_column width=\u00bb1\/2&#8243;][vc_column_text]<\/p>\n<div class=\"SALvLe farUxc mJ2Mod\">\n<div class=\"i4J0ge\">\n<div class=\"xsZWvb EfDVh mod\" lang=\"es-419\" data-attrid=\"kc:\/location\/location:address\" data-md=\"1002\" data-hveid=\"CCQQAA\" data-ved=\"2ahUKEwjPvLnJqdrsAhUHca0KHQYPBYcQkCkwE3oECCQQAA\">\n<div class=\"Z1hOCe\">\n<div data-dtype=\"d3ifr\" data-local-attribute=\"d3adr\" data-ved=\"2ahUKEwjPvLnJqdrsAhUHca0KHQYPBYcQghwoADATegQIJBAB\">\n<p><strong>NefroFarma KH, Lindavista, CDMX<\/strong><\/p>\n<p>&nbsp;<\/p>\n<\/div>\n<\/div>\n<\/div>\n<\/div>\n<div class=\"i4J0ge\">\n<div class=\"xsZWvb EfDVh mod\" lang=\"es-419\" data-attrid=\"kc:\/location\/location:address\" data-md=\"1002\" data-hveid=\"CCQQAA\" data-ved=\"2ahUKEwjPvLnJqdrsAhUHca0KHQYPBYcQkCkwE3oECCQQAA\">\n<div class=\"Z1hOCe\">\n<div class=\"zloOqf PZPZlf\" data-dtype=\"d3ifr\" data-local-attribute=\"d3adr\" data-ved=\"2ahUKEwjPvLnJqdrsAhUHca0KHQYPBYcQghwoADATegQIJBAB\"><span class=\"w8qArf\">Direcci\u00f3n:\u00a0<\/span><span class=\"LrzXr\">Av. Montevideo 450, Col. Lindavista, Gustavo A. Madero, C.P. 07300, CDMX.<\/span><\/div>\n<\/div>\n<\/div>\n<\/div>\n<\/div>\n<div class=\"mod\" lang=\"es-419\" data-attrid=\"kc:\/location\/location:hours\" data-md=\"1005\" data-hveid=\"CBsQAA\" data-ved=\"2ahUKEwjPvLnJqdrsAhUHca0KHQYPBYcQkCkwFXoECBsQAA\">\n<div class=\"Z1hOCe\">\n<div class=\"zloOqf PZPZlf\"><span class=\"w8qArf\">Horario: <\/span><\/div>\n<div class=\"zloOqf PZPZlf\"><span class=\"w8qArf\">Lunes a Viernes 9:00 a 18:00 hrs<\/span><\/div>\n<div>S\u00e1bado 9:00 a 15:00 hrs<\/div>\n<div>Domingo Cerrado<\/div>\n<\/div>\n<\/div>\n<div class=\"mod\" lang=\"es-419\" data-attrid=\"kc:\/collection\/knowledge_panels\/has_phone:phone\" data-md=\"1006\" data-hveid=\"CBgQAA\" data-ved=\"2ahUKEwjPvLnJqdrsAhUHca0KHQYPBYcQkCkwFnoECBgQAA\">\n<div class=\"Z1hOCe\">\n<div class=\"zloOqf PZPZlf\" data-dtype=\"d3ifr\" data-local-attribute=\"d3ph\" data-ved=\"2ahUKEwjPvLnJqdrsAhUHca0KHQYPBYcQ8I0BKAAwFnoECBgQAQ\"><span class=\"w8qArf\">Tel\u00e9fono: 771 284 0640<\/span><\/div>\n<\/div>\n<\/div>\n<p>[\/vc_column_text][\/vc_column][vc_column width=\u00bb1\/2&#8243;]<div class=\"nm-gmap-embed\" style=\"height:500px\"><iframe width=\"100%\" height=\"100%\" src=\"https:\/\/maps.google.com\/maps?q=Av.+Montevideo+450%2C+Col.+Lindavista%2C+Gustavo+A.+Madero%2C+C.P.+07300%2C+CDMX&t=&z=15&ie=UTF8&iwloc=&output=embed\" frameborder=\"0\" scrolling=\"no\"><\/iframe><\/div>[\/vc_column][\/vc_row][vc_row css=\u00bb.vc_custom_1436705138258{padding-bottom: 46px !important;}\u00bb][vc_column width=\u00bb1\/2&#8243;][vc_column_text]<\/p>\n<div class=\"SALvLe farUxc mJ2Mod\">\n<div class=\"i4J0ge\">\n<div class=\"xsZWvb EfDVh mod\" lang=\"es-419\" data-attrid=\"kc:\/location\/location:address\" data-md=\"1002\" data-hveid=\"CCQQAA\" data-ved=\"2ahUKEwjPvLnJqdrsAhUHca0KHQYPBYcQkCkwE3oECCQQAA\">\n<div class=\"Z1hOCe\">\n<div class=\"zloOqf PZPZlf\" data-dtype=\"d3ifr\" data-local-attribute=\"d3adr\" data-ved=\"2ahUKEwjPvLnJqdrsAhUHca0KHQYPBYcQghwoADATegQIJBAB\"><span class=\"w8qArf\"><strong>NefroFarma KH, Pachuca, Hidalgo.<\/strong><br \/>\n<\/span><\/div>\n<div data-dtype=\"d3ifr\" data-local-attribute=\"d3adr\" data-ved=\"2ahUKEwjPvLnJqdrsAhUHca0KHQYPBYcQghwoADATegQIJBAB\"><\/div>\n<div class=\"zloOqf PZPZlf\" data-dtype=\"d3ifr\" data-local-attribute=\"d3adr\" data-ved=\"2ahUKEwjPvLnJqdrsAhUHca0KHQYPBYcQghwoADATegQIJBAB\"><span class=\"w8qArf\"><br \/>\nDirecci\u00f3n:\u00a0<\/span><span class=\"LrzXr\">Viaducto Javier Rojo G\u00f3mez 133, C\u00e9spedes, 42090 Pachuca de Soto, Hgo.<\/span><\/div>\n<div data-dtype=\"d3ifr\" data-local-attribute=\"d3adr\" data-ved=\"2ahUKEwjPvLnJqdrsAhUHca0KHQYPBYcQghwoADATegQIJBAB\"><\/div>\n<\/div>\n<\/div>\n<\/div>\n<\/div>\n<div class=\"mod\" lang=\"es-419\" data-attrid=\"kc:\/location\/location:hours\" data-md=\"1005\" data-hveid=\"CBsQAA\" data-ved=\"2ahUKEwjPvLnJqdrsAhUHca0KHQYPBYcQkCkwFXoECBsQAA\">\n<div class=\"Z1hOCe\">\n<div class=\"zloOqf PZPZlf\">\n<div class=\"zloOqf PZPZlf\"><span class=\"w8qArf\">Lunes a Viernes 9:00 a 18:00 hrs<\/span><\/div>\n<div>S\u00e1bado 9:00 a 15:00 hrs<\/div>\n<div>Domingo Cerrado<\/div>\n<\/div>\n<div><\/div>\n<\/div>\n<\/div>\n<div class=\"mod\" lang=\"es-419\" data-attrid=\"kc:\/collection\/knowledge_panels\/has_phone:phone\" data-md=\"1006\" data-hveid=\"CBgQAA\" data-ved=\"2ahUKEwjPvLnJqdrsAhUHca0KHQYPBYcQkCkwFnoECBgQAA\">\n<div class=\"Z1hOCe\">\n<div class=\"zloOqf PZPZlf\" data-dtype=\"d3ifr\" data-local-attribute=\"d3ph\" data-ved=\"2ahUKEwjPvLnJqdrsAhUHca0KHQYPBYcQ8I0BKAAwFnoECBgQAQ\"><span class=\"w8qArf\">Tel\u00e9fono:\u00a0<\/span><span class=\"LrzXr zdqRlf kno-fv\"><a href=\"https:\/\/www.google.com\/search?q=nefrofarma&amp;rlz=1C5CHFA_enMX750MX750&amp;oq=nefrofarma&amp;aqs=chrome.0.69i59j0i10l2j69i60l5.10019j0j4&amp;sourceid=chrome&amp;ie=UTF-8#\" data-dtype=\"d3ifr\" data-local-attribute=\"d3ph\" data-ved=\"2ahUKEwjPvLnJqdrsAhUHca0KHQYPBYcQkAgoADAWegQIGBAD\"><span role=\"link\" aria-label=\"Llamar al n\u00famero de tel\u00e9fono 771 217 2709\">771 217 2709<\/span><\/a><\/span><\/div>\n<\/div>\n<\/div>\n<p>[\/vc_column_text][\/vc_column][vc_column width=\u00bb1\/2&#8243;]<div class=\"nm-gmap-embed\" style=\"height:500px\"><iframe width=\"100%\" height=\"100%\" src=\"https:\/\/maps.google.com\/maps?q=Viaducto+Javier+Rojo+G%C3%B3mez+133%2C+C%C3%A9spedes%2C+42090+Pachuca+de+Soto%2C+Hgo.&t=&z=15&ie=UTF8&iwloc=&output=embed\" frameborder=\"0\" scrolling=\"no\"><\/iframe><\/div>[\/vc_column][\/vc_row][vc_row css=\u00bb.vc_custom_1436705138258{padding-bottom: 46px !important;}\u00bb][vc_column width=\u00bb1\/2&#8243;][vc_column_text]<\/p>\n<div class=\"SALvLe farUxc mJ2Mod\">\n<div class=\"i4J0ge\">\n<div class=\"xsZWvb EfDVh mod\" lang=\"es-419\" data-attrid=\"kc:\/location\/location:address\" data-md=\"1002\" data-hveid=\"CCQQAA\" data-ved=\"2ahUKEwjPvLnJqdrsAhUHca0KHQYPBYcQkCkwE3oECCQQAA\">\n<div class=\"Z1hOCe\">\n<div class=\"zloOqf PZPZlf\" data-dtype=\"d3ifr\" data-local-attribute=\"d3adr\" data-ved=\"2ahUKEwjPvLnJqdrsAhUHca0KHQYPBYcQghwoADATegQIJBAB\"><span class=\"w8qArf\"><strong>NefroFarma KH, Veracruz, Veracruz.<\/strong><br \/>\n<\/span><\/div>\n<div data-dtype=\"d3ifr\" data-local-attribute=\"d3adr\" data-ved=\"2ahUKEwjPvLnJqdrsAhUHca0KHQYPBYcQghwoADATegQIJBAB\"><\/div>\n<div class=\"zloOqf PZPZlf\" data-dtype=\"d3ifr\" data-local-attribute=\"d3adr\" data-ved=\"2ahUKEwjPvLnJqdrsAhUHca0KHQYPBYcQghwoADATegQIJBAB\"><span class=\"w8qArf\"><br \/>\nDirecci\u00f3n: Juan Enr\u00edquez 858, Ignacio Zaragoza, 91910 Veracruz, Ver., M\u00e9xico<\/span><\/div>\n<\/div>\n<\/div>\n<\/div>\n<\/div>\n<div class=\"mod\" lang=\"es-419\" data-attrid=\"kc:\/location\/location:hours\" data-md=\"1005\" data-hveid=\"CBsQAA\" data-ved=\"2ahUKEwjPvLnJqdrsAhUHca0KHQYPBYcQkCkwFXoECBsQAA\">\n<div class=\"Z1hOCe\">\n<div class=\"zloOqf PZPZlf\">\n<div class=\"zloOqf PZPZlf\"><span class=\"w8qArf\">Lunes a Viernes 9:00 a 18:00 hrs<\/span><\/div>\n<div>S\u00e1bado 9:00 a 15:00 hrs<\/div>\n<div>Domingo Cerrado<\/div>\n<\/div>\n<div><\/div>\n<\/div>\n<\/div>\n<div class=\"mod\" lang=\"es-419\" data-attrid=\"kc:\/collection\/knowledge_panels\/has_phone:phone\" data-md=\"1006\" data-hveid=\"CBgQAA\" data-ved=\"2ahUKEwjPvLnJqdrsAhUHca0KHQYPBYcQkCkwFnoECBgQAA\">\n<div class=\"Z1hOCe\">\n<div class=\"zloOqf PZPZlf\" data-dtype=\"d3ifr\" data-local-attribute=\"d3ph\" data-ved=\"2ahUKEwjPvLnJqdrsAhUHca0KHQYPBYcQ8I0BKAAwFnoECBgQAQ\"><span class=\"w8qArf\">Tel\u00e9fono: <\/span><span class=\"LrzXr zdqRlf kno-fv\"><a href=\"https:\/\/www.google.com\/search?q=nefrofarma&amp;rlz=1C5CHFA_enMX750MX750&amp;oq=nefrofarma&amp;aqs=chrome.0.69i59j0i10l2j69i60l5.10019j0j4&amp;sourceid=chrome&amp;ie=UTF-8#\" data-dtype=\"d3ifr\" data-local-attribute=\"d3ph\" data-ved=\"2ahUKEwjPvLnJqdrsAhUHca0KHQYPBYcQkAgoADAWegQIGBAD\"><span role=\"link\" aria-label=\"Llamar al n\u00famero de tel\u00e9fono 771 217 2709\">229 940 3136<\/span><\/a><\/span><\/div>\n<\/div>\n<\/div>\n<p>[\/vc_column_text][\/vc_column][vc_column width=\u00bb1\/2&#8243;]<div class=\"nm-gmap-embed\" style=\"height:500px\"><iframe width=\"100%\" height=\"100%\" src=\"https:\/\/maps.google.com\/maps?q=Juan+Enr%C3%ADquez+858%2C+Ignacio+Zaragoza%2C+91910+Veracruz%2C+Ver.%2C+M%C3%A9xico&t=&z=15&ie=UTF8&iwloc=&output=embed\" frameborder=\"0\" scrolling=\"no\"><\/iframe><\/div>[\/vc_column][\/vc_row][vc_row][vc_column][vc_empty_space][\/vc_column][\/vc_row]<\/p>\n","protected":false},"excerpt":{"rendered":"<p>[vc_row css=\u00bb.vc_custom_1440775063128{padding-bottom: 37px !important;}\u00bb][vc_column width=\u00bb1\/2&#8243;][vc_empty_space height=\u00bb38px\u00bb][vc_separator border_width=\u00bb2&#8243; accent_color=\u00bb#e0e0e0&#8243;][\/vc_column][vc_column width=\u00bb1\/2&#8243; offset=\u00bbvc_hidden-xs\u00bb][vc_empty_space height=\u00bb38px\u00bb][vc_separator border_width=\u00bb2&#8243; accent_color=\u00bb#e0e0e0&#8243;][\/vc_column][\/vc_row][vc_row css=\u00bb.vc_custom_1436705138258{padding-bottom: 46px !important;}\u00bb][vc_column width=\u00bb1\/2&#8243;][vc_column_text] NefroFarma KH, Lindavista, CDMX &nbsp; Direcci\u00f3n:\u00a0Av. Montevideo 450, Col. Lindavista, Gustavo A. Madero, C.P. 07300, CDMX. Horario: Lunes a Viernes 9:00 a 18:00 hrs S\u00e1bado 9:00 a 15:00 hrs Domingo Cerrado Tel\u00e9fono: 771 284 0640 [\/vc_column_text][\/vc_column][vc_column width=\u00bb1\/2&#8243;][\/vc_column][\/vc_row][vc_row css=\u00bb.vc_custom_1436705138258{padding-bottom: &hellip;<\/p>\n","protected":false},"author":1,"featured_media":0,"parent":393,"menu_order":0,"comment_status":"closed","ping_status":"closed","template":"","meta":{"_joinchat":[],"footnotes":""},"class_list":["post-427","page","type-page","status-publish","hentry"],"jetpack_sharing_enabled":true,"_links":{"self":[{"href":"https:\/\/nefrofarma.mx\/files\/wp-json\/wp\/v2\/pages\/427","targetHints":{"allow":["GET"]}}],"collection":[{"href":"https:\/\/nefrofarma.mx\/files\/wp-json\/wp\/v2\/pages"}],"about":[{"href":"https:\/\/nefrofarma.mx\/files\/wp-json\/wp\/v2\/types\/page"}],"author":[{"embeddable":true,"href":"https:\/\/nefrofarma.mx\/files\/wp-json\/wp\/v2\/users\/1"}],"replies":[{"embeddable":true,"href":"https:\/\/nefrofarma.mx\/files\/wp-json\/wp\/v2\/comments?post=427"}],"version-history":[{"count":18,"href":"https:\/\/nefrofarma.mx\/files\/wp-json\/wp\/v2\/pages\/427\/revisions"}],"predecessor-version":[{"id":1990,"href":"https:\/\/nefrofarma.mx\/files\/wp-json\/wp\/v2\/pages\/427\/revisions\/1990"}],"up":[{"embeddable":true,"href":"https:\/\/nefrofarma.mx\/files\/wp-json\/wp\/v2\/pages\/393"}],"wp:attachment":[{"href":"https:\/\/nefrofarma.mx\/files\/wp-json\/wp\/v2\/media?parent=427"}],"curies":[{"name":"wp","href":"https:\/\/api.w.org\/{rel}","templated":true}]}}